{"id":40,"date":"2022-01-31T17:58:12","date_gmt":"2022-01-31T17:58:12","guid":{"rendered":"https:\/\/physio-und-training-giessen.de\/?page_id=40"},"modified":"2025-06-09T06:28:55","modified_gmt":"2025-06-09T06:28:55","slug":"datenschutzerklaerung","status":"publish","type":"page","link":"https:\/\/physio-und-training-giessen.de\/?page_id=40","title":{"rendered":"Datenschutzerkl\u00e4rung"},"content":{"rendered":"\t\t<div data-elementor-type=\"wp-page\" data-elementor-id=\"40\" class=\"elementor elementor-40\">\n\t\t\t\t\t\t<section class=\"elementor-section elementor-top-section elementor-element elementor-element-6bfa366 elementor-section-boxed elementor-section-height-default elementor-section-height-default\" data-id=\"6bfa366\" data-element_type=\"section\" data-e-type=\"section\">\n\t\t\t\t\t\t<div class=\"elementor-container elementor-column-gap-default\">\n\t\t\t\t\t<div class=\"elementor-column elementor-col-100 elementor-top-column elementor-element elementor-element-6ccf69e\" data-id=\"6ccf69e\" data-element_type=\"column\" data-e-type=\"column\">\n\t\t\t<div class=\"elementor-widget-wrap elementor-element-populated\">\n\t\t\t\t\t\t<div class=\"elementor-element elementor-element-c57fbfd elementor-widget elementor-widget-text-editor\" data-id=\"c57fbfd\" data-element_type=\"widget\" data-e-type=\"widget\" data-widget_type=\"text-editor.default\">\n\t\t\t\t<div class=\"elementor-widget-container\">\n\t\t\t\t\t\t\t\t\t<h3 data-start=\"343\" data-end=\"371\"><strong data-start=\"347\" data-end=\"371\">Datenschutzerkl\u00e4rung<\/strong><\/h3><p data-start=\"373\" data-end=\"407\"><strong data-start=\"373\" data-end=\"407\">1. Datenschutz auf einen Blick<\/strong><\/p><p data-start=\"409\" data-end=\"730\">Der Schutz Ihrer pers\u00f6nlichen Daten ist mir ein wichtiges Anliegen. Ich verarbeite Ihre Daten ausschlie\u00dflich auf Grundlage der gesetzlichen Bestimmungen (DSGVO, BDSG, TMG). Diese Datenschutzerkl\u00e4rung informiert Sie \u00fcber die Art, den Umfang und Zweck der Erhebung und Verwendung personenbezogener Daten auf meiner Website.<\/p><p data-start=\"737\" data-end=\"766\"><strong data-start=\"737\" data-end=\"766\">2. Verantwortliche Stelle<\/strong><\/p><p data-start=\"768\" data-end=\"832\">Verantwortlich f\u00fcr die Datenverarbeitung auf dieser Website ist:<\/p><p data-start=\"834\" data-end=\"972\"><strong data-start=\"834\" data-end=\"863\">Theresa Gelhardt-Alban<\/strong><br data-start=\"863\" data-end=\"866\" \/>Hofwiesenstra\u00dfe 9<br data-start=\"895\" data-end=\"898\" \/>35315 Homberg Ohm<br data-start=\"907\" data-end=\"910\" \/>Deutschland<br data-start=\"921\" data-end=\"924\" \/>E-Mail: info@tg-pt.de<\/p><p data-start=\"979\" data-end=\"1034\"><strong data-start=\"979\" data-end=\"1034\">3. Erhebung und Speicherung personenbezogener Daten<\/strong><\/p><p data-start=\"1036\" data-end=\"1066\"><strong data-start=\"1036\" data-end=\"1066\">a) Beim Besuch der Website<\/strong><\/p><p data-start=\"1068\" data-end=\"1235\">Beim Aufruf meiner Website erhebt der Hosting-Provider automatisch Informationen in sogenannten Server-Logfiles, die Ihr Browser automatisch \u00fcbermittelt. Dazu geh\u00f6ren:<\/p><ul data-start=\"1237\" data-end=\"1388\"><li data-start=\"1237\" data-end=\"1249\"><p data-start=\"1239\" data-end=\"1249\">IP-Adresse<\/p><\/li><li data-start=\"1250\" data-end=\"1281\"><p data-start=\"1252\" data-end=\"1281\">Datum und Uhrzeit der Anfrage<\/p><\/li><li data-start=\"1282\" data-end=\"1307\"><p data-start=\"1284\" data-end=\"1307\">Browsertyp und -version<\/p><\/li><li data-start=\"1308\" data-end=\"1336\"><p data-start=\"1310\" data-end=\"1336\">verwendetes Betriebssystem<\/p><\/li><li data-start=\"1337\" data-end=\"1351\"><p data-start=\"1339\" data-end=\"1351\">Referrer-URL<\/p><\/li><li data-start=\"1352\" data-end=\"1388\"><p data-start=\"1354\" data-end=\"1388\">Hostname des zugreifenden Rechners<\/p><\/li><\/ul><p data-start=\"1390\" data-end=\"1625\">Diese Daten werden nicht mit anderen Datenquellen zusammengef\u00fchrt. Die Verarbeitung erfolgt gem\u00e4\u00df Art. 6 Abs. 1 lit. f DSGVO auf Grundlage meines berechtigten Interesses an der technischen Funktionsf\u00e4higkeit und Sicherheit der Website.<\/p><p data-start=\"1627\" data-end=\"1682\"><strong data-start=\"1627\" data-end=\"1682\">b) Bei Nutzung des Kontaktformulars oder per E-Mail<\/strong><\/p><p data-start=\"1684\" data-end=\"2031\">Wenn Sie mich per Kontaktformular oder E-Mail kontaktieren, werden Ihre Angaben (Name, E-Mail-Adresse, Nachricht) zur Bearbeitung Ihrer Anfrage und f\u00fcr den Fall von Anschlussfragen gespeichert. Die Verarbeitung erfolgt auf Grundlage von Art. 6 Abs. 1 lit. b DSGVO (vorvertragliche Ma\u00dfnahmen bzw. Vertragserf\u00fcllung) bzw. Art. 6 Abs. 1 lit. f DSGVO.<\/p><p data-start=\"2038\" data-end=\"2065\"><strong data-start=\"2038\" data-end=\"2065\">4. Weitergabe von Daten<\/strong><\/p><p data-start=\"2067\" data-end=\"2231\">Eine Weitergabe Ihrer personenbezogenen Daten an Dritte findet nicht statt, es sei denn, dies ist gesetzlich vorgeschrieben oder zur Vertragserf\u00fcllung erforderlich.<\/p><p data-start=\"2238\" data-end=\"2288\"><strong data-start=\"2238\" data-end=\"2288\">5. Hosting durch Dritte (Auftragsverarbeitung)<\/strong><\/p><p data-start=\"2290\" data-end=\"2574\">Meine Website wird bei einem externen Hosting-Anbieter betrieben. Dabei kann es zur Verarbeitung personenbezogener Daten (insb. Server-Logfiles) auf den Servern des Anbieters kommen. Mit dem Hosting-Anbieter wurde ein Vertrag zur Auftragsverarbeitung gem. Art. 28 DSGVO abgeschlossen.<\/p><p data-start=\"2581\" data-end=\"2617\"><strong data-start=\"2581\" data-end=\"2617\">6. SSL- bzw. TLS-Verschl\u00fcsselung<\/strong><\/p><p data-start=\"2619\" data-end=\"2842\">Diese Website nutzt aus Sicherheitsgr\u00fcnden und zum Schutz der \u00dcbertragung vertraulicher Inhalte eine SSL- bzw. TLS-Verschl\u00fcsselung. Sie erkennen eine verschl\u00fcsselte Verbindung an der Adresszeile Ihres Browsers (\u201ehttps:\/\/\u201c).<\/p><p data-start=\"2849\" data-end=\"2889\"><strong data-start=\"2849\" data-end=\"2889\">7. Ihre Rechte als betroffene Person<\/strong><\/p><p data-start=\"2891\" data-end=\"2939\">Sie haben jederzeit folgende Rechte gem\u00e4\u00df DSGVO:<\/p><ul data-start=\"2941\" data-end=\"3306\"><li data-start=\"2941\" data-end=\"3001\"><p data-start=\"2943\" data-end=\"3001\"><strong data-start=\"2943\" data-end=\"2955\">Auskunft<\/strong> \u00fcber Ihre gespeicherten Daten (Art. 15 DSGVO)<\/p><\/li><li data-start=\"3002\" data-end=\"3054\"><p data-start=\"3004\" data-end=\"3054\"><strong data-start=\"3004\" data-end=\"3020\">Berichtigung<\/strong> unrichtiger Daten (Art. 16 DSGVO)<\/p><\/li><li data-start=\"3055\" data-end=\"3097\"><p data-start=\"3057\" data-end=\"3097\"><strong data-start=\"3057\" data-end=\"3069\">L\u00f6schung<\/strong> Ihrer Daten (Art. 17 DSGVO)<\/p><\/li><li data-start=\"3098\" data-end=\"3150\"><p data-start=\"3100\" data-end=\"3150\"><strong data-start=\"3100\" data-end=\"3134\">Einschr\u00e4nkung der Verarbeitung<\/strong> (Art. 18 DSGVO)<\/p><\/li><li data-start=\"3151\" data-end=\"3193\"><p data-start=\"3153\" data-end=\"3193\"><strong data-start=\"3153\" data-end=\"3177\">Daten\u00fcbertragbarkeit<\/strong> (Art. 20 DSGVO)<\/p><\/li><li data-start=\"3194\" data-end=\"3250\"><p data-start=\"3196\" data-end=\"3250\"><strong data-start=\"3196\" data-end=\"3211\">Widerspruch<\/strong> gegen die Verarbeitung (Art. 21 DSGVO)<\/p><\/li><li data-start=\"3251\" data-end=\"3306\"><p data-start=\"3253\" data-end=\"3306\"><strong data-start=\"3253\" data-end=\"3284\">Widerruf einer Einwilligung<\/strong> (Art. 7 Abs. 3 DSGVO)<\/p><\/li><\/ul><p data-start=\"3308\" data-end=\"3398\">Zur Wahrnehmung Ihrer Rechte gen\u00fcgt eine formlose Mitteilung an die oben genannte Adresse.<\/p><p data-start=\"3400\" data-end=\"3664\"><strong data-start=\"3400\" data-end=\"3445\">Beschwerderecht bei der Aufsichtsbeh\u00f6rde:<\/strong><br data-start=\"3445\" data-end=\"3448\" \/>Wenn Sie der Ansicht sind, dass die Verarbeitung Ihrer personenbezogenen Daten gegen geltendes Datenschutzrecht verst\u00f6\u00dft, haben Sie das Recht, sich bei einer Datenschutzaufsichtsbeh\u00f6rde zu beschweren (Art. 77 DSGVO).<\/p><p data-start=\"3671\" data-end=\"3716\"><strong data-start=\"3671\" data-end=\"3716\">8. \u00c4nderungen dieser Datenschutzerkl\u00e4rung<\/strong><\/p><p data-start=\"3718\" data-end=\"3898\">Ich behalte mir vor, diese Datenschutzerkl\u00e4rung bei \u00c4nderungen meiner Website oder gesetzlichen Vorgaben anzupassen. Die jeweils aktuelle Fassung finden Sie immer auf dieser Seite.<\/p><p data-start=\"3900\" data-end=\"3920\"><strong data-start=\"3900\" data-end=\"3910\">Stand:<\/strong> Juni 2025<\/p>\t\t\t\t\t\t\t\t<\/div>\n\t\t\t\t<\/div>\n\t\t\t\t\t<\/div>\n\t\t<\/div>\n\t\t\t\t\t<\/div>\n\t\t<\/section>\n\t\t\t\t<section class=\"elementor-section elementor-top-section elementor-element elementor-element-1cd2d4c elementor-section-boxed elementor-section-height-default elementor-section-height-default\" data-id=\"1cd2d4c\" data-element_type=\"section\" data-e-type=\"section\">\n\t\t\t\t\t\t<div class=\"elementor-container elementor-column-gap-default\">\n\t\t\t\t\t<div class=\"elementor-column elementor-col-100 elementor-top-column elementor-element elementor-element-a2fe81d\" data-id=\"a2fe81d\" data-element_type=\"column\" data-e-type=\"column\">\n\t\t\t<div class=\"elementor-widget-wrap\">\n\t\t\t\t\t\t\t<\/div>\n\t\t<\/div>\n\t\t\t\t\t<\/div>\n\t\t<\/section>\n\t\t\t\t<\/div>\n\t\t","protected":false},"excerpt":{"rendered":"<p>Datenschutzerkl\u00e4rung 1. Datenschutz auf einen Blick Der Schutz Ihrer pers\u00f6nlichen Daten ist mir ein wichtiges Anliegen. Ich verarbeite Ihre Daten ausschlie\u00dflich auf Grundlage der gesetzlichen Bestimmungen (DSGVO, BDSG, TMG). Diese Datenschutzerkl\u00e4rung informiert Sie \u00fcber die Art, den Umfang und Zweck der Erhebung und Verwendung personenbezogener Daten auf meiner Website. 2. Verantwortliche Stelle Verantwortlich f\u00fcr die [&hellip;]<\/p>\n","protected":false},"author":1,"featured_media":0,"parent":0,"menu_order":0,"comment_status":"closed","ping_status":"closed","template":"","meta":{"ocean_post_layout":"full-screen","ocean_both_sidebars_style":"","ocean_both_sidebars_content_width":0,"ocean_both_sidebars_sidebars_width":0,"ocean_sidebar":"0","ocean_second_sidebar":"0","ocean_disable_margins":"enable","ocean_add_body_class":"","ocean_shortcode_before_top_bar":"","ocean_shortcode_after_top_bar":"","ocean_shortcode_before_header":"","ocean_shortcode_after_header":"","ocean_has_shortcode":"","ocean_shortcode_after_title":"","ocean_shortcode_before_footer_widgets":"","ocean_shortcode_after_footer_widgets":"","ocean_shortcode_before_footer_bottom":"","ocean_shortcode_after_footer_bottom":"","ocean_display_top_bar":"off","ocean_display_header":"default","ocean_header_style":"","ocean_center_header_left_menu":"0","ocean_custom_header_template":"0","ocean_custom_logo":0,"ocean_custom_retina_logo":0,"ocean_custom_logo_max_width":0,"ocean_custom_logo_tablet_max_width":0,"ocean_custom_logo_mobile_max_width":0,"ocean_custom_logo_max_height":0,"ocean_custom_logo_tablet_max_height":0,"ocean_custom_logo_mobile_max_height":0,"ocean_header_custom_menu":"0","ocean_menu_typo_font_family":"0","ocean_menu_typo_font_subset":"","ocean_menu_typo_font_size":0,"ocean_menu_typo_font_size_tablet":0,"ocean_menu_typo_font_size_mobile":0,"ocean_menu_typo_font_size_unit":"px","ocean_menu_typo_font_weight":"","ocean_menu_typo_font_weight_tablet":"","ocean_menu_typo_font_weight_mobile":"","ocean_menu_typo_transform":"","ocean_menu_typo_transform_tablet":"","ocean_menu_typo_transform_mobile":"","ocean_menu_typo_line_height":0,"ocean_menu_typo_line_height_tablet":0,"ocean_menu_typo_line_height_mobile":0,"ocean_menu_typo_line_height_unit":"","ocean_menu_typo_spacing":0,"ocean_menu_typo_spacing_tablet":0,"ocean_menu_typo_spacing_mobile":0,"ocean_menu_typo_spacing_unit":"","ocean_menu_link_color":"","ocean_menu_link_color_hover":"","ocean_menu_link_color_active":"","ocean_menu_link_background":"","ocean_menu_link_hover_background":"","ocean_menu_link_active_background":"","ocean_menu_social_links_bg":"","ocean_menu_social_hover_links_bg":"","ocean_menu_social_links_color":"","ocean_menu_social_hover_links_color":"","ocean_disable_title":"on","ocean_disable_heading":"default","ocean_post_title":"","ocean_post_subheading":"","ocean_post_title_style":"","ocean_post_title_background_color":"","ocean_post_title_background":0,"ocean_post_title_bg_image_position":"","ocean_post_title_bg_image_attachment":"","ocean_post_title_bg_image_repeat":"","ocean_post_title_bg_image_size":"","ocean_post_title_height":0,"ocean_post_title_bg_overlay":0.5,"ocean_post_title_bg_overlay_color":"","ocean_disable_breadcrumbs":"default","ocean_breadcrumbs_color":"","ocean_breadcrumbs_separator_color":"","ocean_breadcrumbs_links_color":"","ocean_breadcrumbs_links_hover_color":"","ocean_display_footer_widgets":"off","ocean_display_footer_bottom":"off","ocean_custom_footer_template":"0","footnotes":""},"class_list":["post-40","page","type-page","status-publish","hentry","entry"],"_links":{"self":[{"href":"https:\/\/physio-und-training-giessen.de\/index.php?rest_route=\/wp\/v2\/pages\/40","targetHints":{"allow":["GET"]}}],"collection":[{"href":"https:\/\/physio-und-training-giessen.de\/index.php?rest_route=\/wp\/v2\/pages"}],"about":[{"href":"https:\/\/physio-und-training-giessen.de\/index.php?rest_route=\/wp\/v2\/types\/page"}],"author":[{"embeddable":true,"href":"https:\/\/physio-und-training-giessen.de\/index.php?rest_route=\/wp\/v2\/users\/1"}],"replies":[{"embeddable":true,"href":"https:\/\/physio-und-training-giessen.de\/index.php?rest_route=%2Fwp%2Fv2%2Fcomments&post=40"}],"version-history":[{"count":7,"href":"https:\/\/physio-und-training-giessen.de\/index.php?rest_route=\/wp\/v2\/pages\/40\/revisions"}],"predecessor-version":[{"id":158,"href":"https:\/\/physio-und-training-giessen.de\/index.php?rest_route=\/wp\/v2\/pages\/40\/revisions\/158"}],"wp:attachment":[{"href":"https:\/\/physio-und-training-giessen.de\/index.php?rest_route=%2Fwp%2Fv2%2Fmedia&parent=40"}],"curies":[{"name":"wp","href":"https:\/\/api.w.org\/{rel}","templated":true}]}}